*w**2 + 2*w - 3. Let x(r) = 5*r**3 + 9*r**2 + r - 3. Let h(p) = -2*b(p) + 3*x(p). Determine h(-7).
4
Let s(p) = 29*p + 36. Let j(u) = 16*u + 19. Let z(w) = 11*j(w) - 6*s(w). Let y(n) = -4. Let i(q) = -2*y(q) + z(q). Let o be 6/(-8)*2*-2. What is i(o)?
7
Let r(y) = y**2 + 22*y - 68. Let a be ((-5)/((-10)/24))/(51/(-102)). Give r(a).
-20
Let d(k) = 69*k + 906. Let z = 30962 + -30975. What is d(z)?
9
Let v(p) be the first derivative of -3*p**4/2 - p**3 - 11*p**2/2 - 9*p + 78. Let h be v(-1). Let u(m) = m**3 - 6*m**2 + 2*m + 7. Determine u(h).
-8
Let b(u) = u**3 - u**2 + 1. Let k be b(1). Let f be 0/(9/(18/(-4)))*k. Let a(g) = g - 7. Calculate a(f).
-7
Let u = 3931/360 - 491/45. Let q(b) be the third derivative of 2*b**2 + 1/12*b**4 - 31*b + 7/60*b**5 - 1/3*b**3 + 0 - u*b**6. What is q(7)?
12
Let c(g) = -g**2 + 4*g + 4. Let u = 35 + -34. Let p be ((-1 - -1) + u)*50/2. Suppose -4*b - 35 = -5*n - 2*b, 2*b + p = 3*n. Determine c(n).
-1
Let j(d) be the third derivative of -d**6/120 - 13*d**5/60 - d**4/8 + 2*d**3 + d**2 + 41. Let b(c) = -2*c**2 - c + 1. Let m(x) = -3*b(x) + j(x). Give m(-7).
9
Suppose -5*o + 108 = 13*o. Suppose 272*g = 275*g - o. Let y(h) = h**3 - 2*h + 3. Determine y(g).
7
Let w(s) = -13*s**2 - 17*s + 27. Let t(u) = -2*u**2 + 1. Let y(h) = -6*t(h) + w(h). Give y(-16).
37
Suppose 3*h = 18*h - 165. Suppose -3*m = h - 2. Let y(a) = a + 3. What is y(m)?
0
Let i(d) = -4. Suppose -161 + 151 = -10*j. Let u(r) = -r + 34. Let z(k) = j*u(k) + 6*i(k). Calculate z(-11).
21
Let l(p) = -12*p**2 + 2*p + 28. Let s = 613 + -620. Let m(n) = -7*n**2 + n + 15. Let a(k) = s*m(k) + 4*l(k). Determine a(0).
7
Suppose 3*o = 84 - 219. Suppose 16*b - 400 - 256 = 0. Let h = o + b. Let m(d) = -4*d - 6. Give m(h).
10
Let d(u) be the third derivative of -u**4/24 - u**3/6 + 9585*u**2. Suppose 2*j - 5*j + 9 = 0. Give d(j).
-4
Let a(m) = m**3 + 7*m**2 + 3. Let q = 429 + -436. Calculate a(q).
3
Let z(r) = r**3 - 4*r**2 + 13*r - 22. Let b = 7924 - 7922. What is z(b)?
-4
Let p = 3 + 67. Suppose 0 = -9*h + 11 + p. Let b(y) = y**2 - 6*y + 10. What is b(h)?
37
Let q(x) be the first derivative of -x**4/4 - 2*x**3 - 5*x**2/2 - x - 377. Determine q(-5).
-1
Suppose 136 + 114 = 32*r + 58. Let i(y) = 0 + y + 0 - 7. Calculate i(r).
-1
Suppose -4*j = o + 45, 62*j + 4*o = 61*j - 30. Let n(u) = u**2 + 4*u - 20. Calculate n(j).
40
Let v(p) = 11 - 3 + 1 - 5 + 2*p. Let r(y) = -2*y - 12. Let g = -32 - -28. Let j be r(g). Give v(j).
-4
Let p = 103 - 101. Let n be -1 - (24/(-6) + p). Let i(g) = 31*g**2 + 1. Calculate i(n).
32
Let v(k) = -35*k**2 - 46*k - 146. Let m(s) = -22*s**2 - 31*s - 97. Let w(r) = -8*m(r) + 5*v(r). Give w(-16).
14
Let g(j) = -j**3 + 6*j**2 + 9*j - 12. Suppose 391*d - 390*d - r = 14, d = -r. Calculate g(d).
2
Let c(p) be the first derivative of -1/120*p**5 + 0*p**2 + 0*p + 3/8*p**4 + 13 + 7*p**3. Let g(l) be the third derivative of c(l). Give g(10).
-1
Let m(s) = -1. Let d = -8 + 7. Let a(f) = -f - 4. Let y(b) = d*a(b) + 6*m(b). Suppose 52 = -11*c - 2*c. Give y(c).
-6
Let o(u) = u**2 + 23*u - 12. Let x(q) = 4*q**2 + 102*q - 49. Let n(g) = 9*o(g) - 2*x(g). Calculate n(3).
8
Let m(y) = -32*y**2 - 6*y**3 - 6 + 2*y**3 + 2*y**3 + 23*y**2 + 3*y**3 + 11*y. Determine m(7).
-27
Suppose 1 = -3*x + 1. Suppose 3*z - 4*w = x, -13 = 4*z + 4*w + 15. Let l(q) = q**3 + 2*q**2 - 11*q - 5. Determine l(z).
7
Let u(c) = -c**3 + c**2. Let t be u(1). Suppose -2 = -o - a, 20 = -5*a - t*a. Let h(v) = -v**2 + 3 - 6*v + 2*v**2 - 4 + 0*v**2. What is h(o)?
-1
Let h be (3 - -3) + -3 + 3. Let d(z) = 4*z**2 + 237 - h*z - 119 - 124 + z**3. Determine d(-5).
-1
Let q be (1 - (-4)/(-8))/((-4)/88). Let i(g) = 2*g**3 + 20*g**2 - 24*g - 20. What is i(q)?
2
Suppose 21 = -11*m + 98. Let j(o) = 3 + 3*o + 2*o**2 - 8 + m. What is j(-3)?
11
Suppose 0 + 7 = 7*q. Let d(c) = -c - c**3 + 0 + 3*c**2 + c**2 + q. Give d(3).
7
Let z(p) = 190*p + 10 - 1 + 103*p**2 - 153*p + p**3 - 65*p**2. Calculate z(-37).
9
Let t(k) be the second derivative of k**7/2520 - k**5/30 - 19*k**4/6 - 11*k. Let y(h) be the third derivative of t(h). Determine y(0).
-4
Let y(k) be the second derivative of -47*k**4/12 - k**3/3 + k**2 + 23*k + 9. Give y(1).
-47
Let z(u) = 59*u**2 + 23*u - 2. Let d be z(-3). Let i(m) = 4*m + d - 225 - 227 - m**2. Give i(8).
-24
Let c(w) = -5*w - 11. Let d be 0 + 54 - (5 - -1)/6. Let g = d + -55. Let o be c(g). Let s(x) = 7*x**3 + x**2 - x - 1. Calculate s(o).
-6
Let b(h) be the first derivative of -h**5/30 + h**4/12 - h**3/2 + 141*h**2/2 + 51. Let m(v) be the second derivative of b(v). Give m(2).
-7
Let d(v) = 14*v + 14. Let r be -3 + 2*(26/(-4) - (-19 + 12)). Determine d(r).
-14
Let z(h) = -1884*h + 1884*h - 23*h**2. Let q(j) = -8*j - 2. Let x be q(-1). Let d be ((-24)/(-36))/(4/x). Determine z(d).
-23
Let k be (-11 + 480/45)*-6. Let q(x) = 3*x**3 - 4*x + 1. What is q(k)?
17
Let d(j) = 4*j**2 + 7*j + 2. Let v(u) = 2*u**2 + 3*u + 1. Let l(q) = -6*d(q) + 11*v(q). Suppose 215*o - 117*o - 123*o = 150. What is l(o)?
-19
Let l = 47 + -36. Let h = 6 - l. Let g(n) = 0*n - 175 + 181 + n. Calculate g(h).
1
Let w(m) = 42*m. Let p(y) = -209*y - 19. Let a(k) = p(k) + 5*w(k). Calculate a(7).
-12
Let i(u) be the second derivative of 17*u**3/6 + 29*u**2/2 + 547*u. What is i(-2)?
-5
Let m(l) = -6*l - 13. Let c(h) be the second derivative of h**3/6 + h**2/2 - 6*h - 19. Let k(j) = -3*c(j) - m(j). Determine k(-4).
-2
Let u(y) = -4*y**3 - 27*y**2 - 488*y + 31. Let l(i) = -i**3 - 7*i**2 - 133*i + 8. Let p(z) = -11*l(z) + 3*u(z). What is p(-5)?
35
Let z(b) = 4 - 5*b**2 + 1997*b - 1995*b + 276*b**3 - 275*b**3. Calculate z(4).
-4
Suppose -3*b = -5*p - p - 177, -145 = 5*p - 2*b. Let q(f) = -f**3 - 25*f**2 + 59*f + 146. Calculate q(p).
11
Suppose 3*k + 2*k = -20. Let p(s) = -3*s**3 - 5*s**2 - 22*s - 2. Let u(z) = -z**3 - 2*z**2 - 7*z - 1. Let x(q) = -3*p(q) + 10*u(q). Calculate x(k).
-4
Let k(y) = -3*y - 30. Let j(d) = -2*d - 20. Let r(v) = -v**2 - 24*v - 10. Let n be r(-21). Let l = n - 58. Let s(q) = l*k(q) + 7*j(q). What is s(-7)?
3
Let j(y) = -y**3 - 8*y**2 - 8*y - 2. Let x be j(-7). Let p(g) = 11 - g + x - 8. Determine p(7).
1
Let y(n) = n**2 + 12*n + 2. Suppose -13*g + 2 = -12*g. Let s = g - 13. Give y(s).
-9
Let j(d) = 7*d + 69. Let s(r) = -7*r - 82. Let p(l) = 7*j(l) + 6*s(l). Give p(2).
5
Suppose f = 4*i + 84, 2*f + 2*f = 2*i + 28. Let a(j) = -j**2 - 21*j + 20. Let w be a(i). Let q(d) = d**3 + 2*d**2 - d. Give q(w).
2
Let z(w) be the first derivative of -2*w**3/3 + 3*w**2 + 10*w - 10465. What is z(-2)?
-10
Let u = -361 - -415. Suppose -28*q + 19*q - u = 0. Let c(k) = k**3 + 6*k**2 + 3*k + 8. Calculate c(q).
-10
Let r(o) = -o**3 - 11*o**2 - o + 24. Suppose 103*t - 51*t + 30 = 49*t. Calculate r(t).
-66
Let b(t) be the third derivative of -t**6/360 - 2*t**5/15 + 3*t**4/4 - 9*t**3 - t**2 + 9. Let j(y) be the first derivative of b(y). What is j(-17)?
1
Let q(o) be the second derivative of -3*o + 9 + 5/6*o**3 + 3*o**2. Calculate q(-6).
-24
Let k(f) = -3*f**2 + 13*f + 11. Let b(z) = 4*z**2 - 20*z - 16. Let j be -5*(-4 - (1 + -4)). Let l(i) = j*b(i) + 7*k(i). Let q = 107 - 114. What is l(q)?
11
Let s(x) be the third derivative of x**5/60 + 7*x**4/8 - 25*x**3/6 - 1337*x**2. Calculate s(-23).
21
Let q(y) be the first derivative of -2*y**3/3 - 3*y**2 - 2*y - 1. Suppose -36*s + 33*s + 60 = 0. Suppose 10*g = 15*g + s. Determine q(g).
-10
Suppose 55 + 321 = 8*t. Suppose -7 = -n + 2*o + 6, -5*n + o + t = 0. Let x(g) = -g**2 + 9*g + 2. Calculate x(n).
2
Let w(y) = 3*y - 6. Let v(t) = 5*t - 43. Let j = -11 - -21. Let z be v(j). Determine w(z).
15
Let d(h) = -h**3 + 7*h**2 - 10*h. Let b(p) = -p**3 - 44*p**2 + 4*p + 181. Let n be (11*2)/(((-81)/18)/9). Let o be b(n). Calculate d(o).
0
Let n(u) = u**2 - 9*u - 8. Suppose -36*h - 67*h + 990 = 7*h. Calculate n(h).
-8
Let w(g) be the first derivative of 1/3*g**3 - 3*g**2 + 2 - 7*g. Suppose 78*z - 1515 + 1047 = 0. What is w(z)?
-7
Let d(f) = f**3 + 3*f**2 - f - 1. Let z = -47 + -5. Let k = -65 - -113. Let m = k + z. What is d(m)?
-13
Let o = 22 - 16. Let b(s) = -19*s - 6 - 20*s - 15*s - 17*s + 72*s. Give b(o).
0
Let r(f) = -f**3 - f**2. Suppose -212 = w + u, 4*w - 2*w - 3*u + 449 = 0. Let x = 214 + w. Determine r(x).
18
Let m(a) = a - 3. Let p be m(5). Let q(d) = -6*d + p*d - 2*d. Suppose -670*o + 744 